e remainder when 227 is divided by 76.
75
Calculate the remainder when 238 is divided by 62.
52
Calculate the remainder when 417 is divided by 389.
28
Calculate the remainder when 78 is divided by 40.
38
What is the remainder when 327 is divided by 71?
43
Calculate the remainder when 53 is divided by 15.
8
Calculate the remainder when 669 is divided by 14.
11
Calculate the remainder when 892 is divided by 47.
46
Calculate the remainder when 280 is divided by 15.
10
Calculate the remainder when 319 is divided by 164.
155
What is the remainder when 729 is divided by 241?
6
What is the remainder when 8440 is divided by 50?
40
Calculate the remainder when 2997 is divided by 200.
197
What is the remainder when 178 is divided by 3?
1
What is the remainder when 58 is divided by 23?
12
Calculate the remainder when 1111 is divided by 18.
13
Calculate the remainder when 9207 is divided by 47.
42
What is the remainder when 144 is divided by 39?
27
What is the remainder when 4931 is divided by 39?
17
What is the remainder when 79 is divided by 16?
15
What is the remainder when 806 is divided by 37?
29
Calculate the remainder when 32 is divided by 13.
6
What is the remainder when 290 is divided by 73?
71
What is the remainder when 1295 is divided by 264?
239
What is the remainder when 105 is divided by 55?
50
What is the remainder when 36203 is divided by 86?
83
What is the remainder when 340 is divided by 10?
0
Calculate the remainder when 399 is divided by 153.
93
What is the remainder when 87 is divided by 15?
12
Calculate the remainder when 366 is divided by 46.
44
Calculate the remainder when 275 is divided by 271.
4
Calculate the remainder when 107 is divided by 11.
8
Calculate the remainder when 373 is divided by 38.
31
What is the remainder when 2403 is divided by 160?
3
Calculate the remainder when 6381 is divided by 303.
18
Calculate the remainder when 16 is divided by 9.
7
What is the remainder when 131 is divided by 83?
48
What is the remainder when 85 is divided by 33?
19
Calculate the remainder when 7627 is divided by 212.
207
What is the remainder when 122 is divided by 33?
23
Calculate the remainder when 357 is divided by 4.
1
Calculate the remainder when 634 is divided by 16.
10
Calculate the remainder when 1890 is divided by 28.
14
Calculate the remainder when 114 is divided by 20.
14
What is the remainder when 3249 is divided by 58?
1
What is the remainder when 396 is divided by 19?
16
What is the remainder when 44 is divided by 34?
10
Calculate the remainder when 32 is divided by 3.
2
Calculate the remainder when 222 is divided by 33.
24
What is the remainder when 571 is divided by 41?
38
Calculate the remainder when 19595 is divided by 280.
275
Calculate the remainder when 31 is divided by 9.
4
Calculate the remainder when 2323 is divided by 2299.
24
Calculate the remainder when 247 is divided by 131.
116
Calculate the remainder when 51 is divided by 38.
13
What is the remainder when 788 is divided by 25?
13
What is the remainder when 669 is divided by 84?
81
Calculate the remainder when 567 is divided by 71.
70
What is the remainder when 292 is divided by 27?
22
Calculate the remainder when 87 is divided by 17.
2
Calculate the remainder when 554 is divided by 182.
8
What is the remainder when 1752 is divided by 10?
2
Calculate the remainder when 149 is divided by 83.
66
Calculate the remainder when 51 is divided by 49.
2
What is the remainder when 508 is divided by 34?
32
Calculate the remainder when 500 is divided by 154.
38
What is the remainder when 159 is divided by 7?
5
What is the remainder when 81 is divided by 8?
1
Calculate the remainder when 149 is divided by 35.
9
Calculate the remainder when 105 is divided by 12.
9
Calculate the remainder when 99 is divided by 25.
24
Calculate the remainder when 232 is divided by 25.
7
What is the remainder when 827 is divided by 80?
27
Calculate the remainder when 4339 is divided by 41.
34
Calculate the remainder when 569 is divided by 22.
19
What is the remainder when 606 is divided by 7?
4
What is the remainder when 1643 is divided by 65?
18
Calculate the remainder when 964 is divided by 42.
40
Calculate the remainder when 3148 is divided by 25.
23
What is the remainder when 939 is divided by 154?
15
Calculate the remainder when 258 is divided by 204.
54
What is the remainder when 239 is divided by 86?
67
Calculate the remainder when 4335 is divided by 1082.
7
What is the remainder when 1451 is divided by 132?
131
What is the remainder when 488 is divided by 70?
68
What is the remainder when 316 is divided by 23?
17
What is the remainder when 17 is divided by 11?
6
Calculate the remainder when 418 is divided by 138.
4
Calculate the remainder when 43 is divided by 22.
21
What is the remainder when 66 is divided by 53?
13
What is the remainder when 1381 is divided by 362?
295
Calculate the remainder when 1692 is divided by 24.
12
What is the remainder when 584 is divided by 278?
28
Calculate the remainder when 4730 is divided by 64.
58
What is the remainder when 338 is divided by 44?
30
What is the remainder when 992 is divided by 100?
92
What is the remainder when 1194 is divided by 120?
114
What is the remainder when 522 is divided by 176?
170
What is the remainder when 2588 is divided by 70?
68
Calculate the remainder when 156 is divided by 18.
12
What is the remainder when 2130 is divided by 35?
30
Calculate the remainder when 76 is divided by 9.
4
What is the remainder when 206 is divided by 7?
3
What is the remainder when 1980 is divided by 28?
20
Calculate the remainder when 1275 is divided by 42.
15
What is the remainder when 1494 is divided by 1481?
13
What is the remainder when 2335 is divided by 21?
4
Calculate the remainder when 2700 is divided by 247.
230
Calculate the remainder when 591 is divided by 13.
6
What is the remainder when 3077 is divided by 110?
107
Calculate the remainder when 2024 is divided by 32.
8
Calculate the remainder when 349 is divided by 70.
69
Calculate the remainder when 290 is divided by 110.
70
Calculate the remainder when 680 is divided by 22.
20
Calculate the remainder when 228 is divided by 33.
30
Calculate the remainder when 1065 is divided by 82.
81
Calculate the remainder when 120 is divided by 18.
12
Calculate the remainder when 98 is divided by 34.
30
What is the remainder when 90 is divided by 13?
12
Calculate the remainder when 1036 is divided by 80.
76
Calculate the remainder when 354 is divided by 71.
70
Calculate the remainder when 55 is divided by 46.
9
Calculate the remainder when 774 is divided by 97.
95
Calculate the remainder when 66 is divided by 56.
10
What is the remainder when 2691 is divided by 118?
95
Calculate the remainder when 28195 is divided by 241.
239
What is the remainder when 38 is divided by 13?
12
Calculate the remainder when 101 is divided by 23.
9
Calculate the remainder when 1831 is divided by 7.
4
What is the remainder when 1486 is divided by 184?
14
What is the remainder when 968 is divided by 18?
14
What is the remainder when 306 is divided by 8?
2
What is the remainder when 985 is divided by 21?
19
Calculate the remainder when 1625 is divided by 52.
13
What is the remainder when 252 is divided by 8?
4
What is the remainder when 162 is divided by 68?
26
What is the remainder when 18249 is divided by 146?
145
What is the remainder when 2829 is divided by 118?
115
Calculate the remainder when 480 is divided by 61.
53
What is the remainder when 931 is divided by 18?
13
Calculate the remainder when 5303 is divided by 26.
25
Calculate the remainder when 1025 is divided by 999.
26
Calculate the remainder when 120 is divided by 53.
14
What is the remainder when 668 is divided by 127?
33
What is the remainder when 2296 is divided by 114?
16
What is the remainder when 371 is divided by 163?
45
What is the remainder when 471 is divided by 124?
99
Calculate the remainder when 1664 is divided by 137.
20
Calculate the remainder when 11 is divided by 1.
0
What is the remainder when 302 is divided by 80?
62
Calculate the remainder when 5123 is divided by 41.
39
Calculate the remainder when 276 is divided by 82.
30
What is the remainder when 2331 is divided by 53?
52
What is the remainder when 735 is divided by 735?
0
C